luate -23 - (-264 + 255 + (2 - 1) + (-3 - -15)).
-27
What is -12 + 1 - (3 + (-1 - 49))?
36
What is 21 + -24 + -5 - (-3 + 5 - (9 + -17))?
-18
What is the value of 30 + -8 + 3 + 38 - 24?
39
Calculate 1 - (-122 + 19 + 69) - (-2 + -1).
38
200 + -95 - 115 - (-18 + 3)
5
(-87 - (41 - 30)) + 102
4
Evaluate (0 - 0 - (-4 + 2) - -14) + (8270 - 8274).
12
What is the value of 102 - ((152 - 160) + -5 + -1 + -2)?
118
Evaluate 6 - ((-36 - -29) + -16).
29
49 - 73 - -70 - (3 + 0 + -1 + 4)
40
7 - (39 + -46 - (-87 - ((6 - 4) + -9)))
-66
Calculate (-55 - -25) + 28 + -34.
-36
What is 1 + -1 + -6 + (-1 + -20 - -12)?
-15
-33 + (-1 + 150 - (-1102 + 1124))
94
What is (-27 - -13) + 29 + -19 + 45?
41
Calculate 83 + 26 - (27 + -18 - -27).
73
(-20 - -59) + 4 + -76
-33
What is -19 + -128 - 6 - -244?
91
-16 - (614 - 618 - (-4 + 1 - -126)) - -2
113
What is the value of -83 + 100 - (3 + (-2 - 13))?
29
124 - (90 + -4 + -32)
70
Evaluate 52 - ((-39 - -47) + 87).
-43
What is the value of (-13 + 5 - (-11 - 11)) + -1 + -6?
7
What is (-34 + 1 - (1983 - 1946)) + (-4 - 3)?
-77
Evaluate (-12 - -2 - (-30 - 6) - -17) + (2 - -8).
53
(-1358 - -1374) + (1 - (52 - 2))
-33
What is the value of (-26 - -39) + 9 - 45?
-23
What is 11 - (207 + -203 + (-6 + 3 - -13))?
-3
-56 + 65 + -34 + (0 - 0)
-25
16 + -2 + (25 + -18 - -1 - -18)
40
Calculate -65 - (53 + -36) - -27.
-55
Calculate 92 - (3 + 4 + (1 - (20 - 2 - 18))).
84
-104 + (21 - (-15 + -7 + 14))
-75
What is -32 + 103 - (21 - 41)?
91
Evaluate -15 - (-138 + 53 - (15 + 3 + (0 - 7))).
81
-12 + (9 - 7) + (18 - -25)
33
What is -27 + (-10 + -5 + 10 - 22)?
-54
Calculate (1 + -16 - (-452 - -473)) + (-1 - -1).
-36
What is the value of 2 - 19 - (721 + -682)?
-56
What is -1 + (22 - 18) - 45?
-42
What is ((-8 - (-21 - -12)) + 3 - -106) + 7?
117
What is the value of 17 + (-52 - -90) + -146?
-91
Calculate -2 + -31 - ((-15 - (19 - 24)) + 3).
-26
Calculate -29 + -123 + 57 + -24.
-119
Evaluate (-49 - -60) + (5 - 39) + 5.
-18
Evaluate -38 + (10 - 11 - (0 + 1 + -1)).
-39
What is -61 - -18 - -31 - (-23 + (0 - -3))?
8
What is -76 - (-37 + 41) - (16 + -24)?
-72
Evaluate -14 + 0 + (11 + -2 - (-12 + 6)).
1
What is the value of (-8 - 5) + 48 + 27 + -11 - 4?
47
-20 + (-6 - -5) + -8 + -4
-33
Calculate (-162 - -47 - -60) + 7.
-48
What is the value of (-8 + (16 - -8) - 14) + -61?
-59
Calculate (-23 - -53 - 27) + -66 + 27.
-36
What is -47 - (-5 + -6 - 12) - (-1 + 15)?
-38
Calculate 16 - (-23 + 15 + -5 - 6).
35
What is (184 + -182 + 13 + -1 - 11) + 26?
29
Calculate 24 - -1 - (-31 + (-66 - -70)).
52
-112 - (161 - 42 - 268)
37
What is the value of 35 - 19 - 33 - -68?
51
What is (12 - 22 - 25) + 7 + (-7 - 0) + 3?
-32
What is the value of 14 - 12 - (-7 + -60 + (9 - 13))?
73
Calculate (22 - 22) + -12 + -1 + 13 + -8.
-8
What is the value of -47 - (-16 + -82 - -83 - (-34 - -1))?
-65
What is the value of 1 + -64 + 20 + (-3 - -6)?
-40
Calculate (-18 - (-3 - (-6 + 6))) + 142 + -18.
109
0 + -2 + 2 + -25 + 53 + -40 + 104
92
Evaluate -1305 + 1343 + (5 - 0).
43
Calculate -41 - ((22 - 79) + -22).
38
What is 3 - -3 - -5 - (283 - 239)?
-33
Calculate 11 - (-1 + -5) - (67 - (-82 - -52)).
-80
What is (457 + -537 - (2 + -46)) + 8 + (1 - 1)?
-28
-23 + 26 + (11 - (14 - 5)) - 56
-51
What is -9 - 28 - (-262 + 307)?
-82
(19 + -21 - 10) + (-11 - -12 - 12 - -10)
-13
Evaluate (-14 - (-48 + 13)) + 59 + -139.
-59
What is 10 + -38 + -1 + -52 + 59?
-22
What is (-9 - 6) + 22 + 1 + (5 - (-63 + 6))?
70
What is 2 - (132 + -87 + (-18 - -4))?
-29
Evaluate 6 + 2 + 1 - (85 + (27 - 148)).
45
What is the value of 3 - (-6 + (67 + -72 + (-1 - -11) - 22))?
26
Calculate 108 - (9 + -25 - -59).
65
What is -18 + 6 + 3 + (72 - 15) + 3?
51
What is -1 + 30 - ((8 - 74) + 57)?
38
(24 - -3 - 44) + 34 - (0 + 78)
-61
What is the value of -17 - (-13 - -16 - -6)?
-26
Evaluate 65 - (-1 - 1) - ((-18 + -33 - -22) + 26).
70
(-20 - -97) + -96 + 2 + 4
-13
-15 - (-10 - -31) - -32
-4
0 + 33 + 4 + -9 + 9
37
Evaluate (76 + (-179 - -96) - (1 - 20)) + 19.
31
Evaluate -111 + 1 + 31 + 1946 + -2003.
-136
What is the value of 5 + (17 - -34 - 39) + (3 - -1)?
21
Evaluate (-1 - -2 - (-4 + -3 + 0)) + 250 + -279.
-21
Evaluate 87 + (-89 - (82 - 179)).
95
What is -63 - (-875 + 886 - (0 - 15))?
-89
What is the value of 16 + (2 - 24) + (26 - (6 - 11 - -20))?
5
Evaluate -8 - (-22 + -3 + (4 - -33)).
-20
Evaluate -75 - ((52 - 131) + 53).
-49
What is 0 + -101 + 8092 + -8039?
-48
What is 4 + -2 + -168 - (4974 + -4990)?
-150
Calculate (11 - 131) + (-60 - -118).
-62
-71 + -1 - (-209 - (-225 - -32))
-56
Calculate 41 - ((1 + 4 + 1 - 0) + -15 - -20).
30
-54 - ((5 - -63) + -186) - (1 - -10)
53
What is -3 + -11 + (10 - (13 - 6)) - (1 + -7)?
-5
Evaluate -107 - (-22 + (16 - 1) + -566 + 586).
-120
What is (1 - (2 + 43)) + -910 + 913?
-41
Calculate (174 - (60 + 105)) + 73 + (-1 - 0).
81
Calculate 1 + 36 + (15 - 54).
-2
What is 1 + 10 + -2 - (35 + -1 + (-1169 - -1100))?
44
Evaluate 1 + 44 + -46 + -8.
-9
-17 + (45 - 47 - 30)
-49
Calculate -44 - -98 - (-18 - -63).
9
What is the value of -42 + (-5 - -32) - -17?
2
What is -46 + 49 + (-14 + 13 - -3 - 4)?
1
42 - (57 + -167 + 3)
149
-78 + (1 + -13 - (-281 + 248))
-57
What is 26 - 1 - (9022 + -9064)?
67
Evaluate (9 - 23) + 23 + 6 + 35.
50
What is (-412 - -391) + 0 + 5 + 6?
-10
-5 + (10 - (5 + -2 + -7)) - 47
-38
(0 - -25) + 2 - (185 - (-123 + 320))
39
Evaluate (13 - 17) + -32 + (-1 - 6 - -3).
-40
Evaluate (149 - 57) + -41 - 24.
27
What is (-34 - -27 - (39 - 1)) + 14 + -17?
-48
Evaluate -23 - 9 - (-11 + 13 + 8 - 12).
-30
What is 9 + (39 + (-11 - -27) - (-4 + 2 + 1))?
65
Calculate -1 + (2 - -5) + -10 - (-51 + 37).
10
12 + 10 + -57 - 63
-98
-165 + 115 - (-89 - -165)
-126
What is -80 - (62 + 22 - 173)?
9
What is 47 + (3 + -5 - 6)?
39
What is the value of (88 - 143 - -33) + 79?
57
Evaluate ((-70 + 11 - -15) + 22 - -28) + 1 + -28.
-21
What is -4 + -2 + 14 + 90 + -33 + -2?
63
Calculate (23 - (37 - 6)) + -9.
-17
63 - ((101 - 76) + -40)
78
What is -27 - (10 - 16) - (-17 - (104 - 2))?
98
Evaluate (2 - -3 - -2) + (2 - 2 - 7 - 2).
-2
Evaluate -20 - (-14 + -31 - 12).
37
What is the value of -347 - -354 - (2 + (-3 - 2) - -38)?
-28
What is 89 - ((-200 - -65) + 101)?
123
Calculate (10 - ((9 - (1 - -7)) + 5)) + -8.
-4
Calculate (2 - (-2 + 10)) + (-17 - -124) + -107 + 2.
-4
Calculate -5 + (48 - 1) + 0 + -3 + 25 + -15.
49
Calculate (1 - (3 - 2)) + 42 - (-789 - -779).
52
What is the value of (5 - (18 - 18) - (9 - -2)) + 8 + 10?
12
What is -60 + (-70 - -47) + 34?
-49
Calculate (101 - -68 - 106) + (0 - 17).
46
What is the value of -166 + 26 + 13 + (14 - 6) + -8 + -8?
-135
Evaluate 1 - (3 + 2 - 2 - (23 + -12 + -31)).
-22
Calculate 63 + (86 - 124 - (-17 - 0)).
42
(0 - 35) + (20 - 60 - (-28 + 2))
-49
What is -30 + -3 - (-216 + 212)?
-29
What is (-1 - 11 - (-37 + 101 + -54)) + -3?
-25
2 + (-29 - (-21 - -9)) + 13 - -25
23
Evaluate 14 + (-7 + 28 + -6 + -2 - 6) - -1.
22
What is the value of 97 + -87 + -118 - -30?
-78
Evaluate 22 - (-25 + (44 - 14) - 35).
52
Evaluate -48 + (-3 - -2 - -3) + (-42 - -20) + 20.
-48
Calculate 96 + (-3 - -3) + -29 + (-12 - -56) + -14.
97
71 + -4 + -398 + 389
58
Calculate -29 + (15 - 64 - -18).
-60
What is (5 - (2 - -2)) + (284 - 286)?
-1
Evaluate -5 + 19 - (4 + -15 - 20).
45
What is -22 + 51 - -38 - 101?
-34
Calculate (5 - (11 + (-22 - (-12 + 2)) + -8)) + 12.
26
Calculate -45 - (883 + -884 - (12 + (-2 - -1)) - -15).
-48
Calculate 4 + ((-13 - -1) + (0 - 30) - (0 + 4)).
-42
Evaluate 592 - 578 - (-1 + 10) - -67.
72
Evaluate 1 + -49 - (2521 - 2531).
-38
Calculate (-73 - 2) + -15 + (-13 - -47).
-56
35 + -11 - (69 + -25)
-20
(-5 - (-4 + 3) - 6) + -7
-17
What is 25 + (24 - 59) + -4 + -1 + 0?
-15
-71 + (6 - (4 - 9)) + 4 + -3
-59
What is -4 + 6 + -3 - (-5 - (24 - 13))?
15
What is the value of -50 + (-54 - -20) + 47 + 25?
-12
Calculate -54 - 0 - (94 + -187 - -71).
-32
Evaluate 79 + -73 - (-1 + 1 + (7 - -8) + -4).
-5
What is the value of (-52 + -1 - -3) + 54 - ((27 - 1) + -1)?
-21
Evaluate -3 + -8 + (1 - (4 + (-15 - -6))) - 43.
-48
Calculate (-3 - -10) + -42 + 745 + -628.
82
Calculate 108 + -96 + (12 - 13 - -3).
14
Evaluate -32 - (-4 - 5) - ((0 - -8) + -9).
-22
-53 + 0 + 5474 + -5525
-104
Evaluate -119 - -132 - (-265 - -176 - (0 - 1 - -1)).
102
Calculate 11 + (-54 - -56 - 31).
-18
What is the value of (-23 + 13 - (6 - -1) - -9) + -25?
-33
Calcu